*s + 4*y + 4, s + u*y + 0 = -3. Suppose s*d - 24 = -d. Is d a multiple of 18?
False
Let v be (6 + -2 - 1) + 0. Let k = -4 + v. Let o = k + 5. Does 3 divide o?
False
Let r be (0 + 3)*5/3. Suppose 23 = r*a - 42. Does 13 divide a?
True
Suppose i = -g + 66, -g - 372 + 128 = -4*i. Is i a multiple of 25?
False
Suppose y = -5*y + 276. Is y a multiple of 18?
False
Let b = -10 + 43. Is 11 a factor of b?
True
Let a(n) = 61*n**2 + 1. Is 12 a factor of a(-1)?
False
Is 2 a factor of ((-20)/30)/((-1)/9)?
True
Let b = 2 + 6. Let u be (-58)/b - 6/(-24). Does 6 divide (-7)/(u/6)*1?
True
Let f = 1 - -9. Let l(b) = -9*b**2 + 18*b + 26. Let m(u) = -4*u**2 + 9*u + 13. Let p(t) = -3*l(t) + 7*m(t). Is p(f) even?
False
Let z be 2*3 - 2/1. Let n be (-21)/(-6) - 2/z. Suppose -2*l = r - 14, -l + 46 = n*r + 4*l. Does 11 divide r?
True
Suppose 103*y = 105*y - 26. Is 6 a factor of y?
False
Is 357/9 + 8/(-12) a multiple of 6?
False
Let c = -3 - 2. Let z = -3 - c. Is (3 + -26)*(1 - z) a multiple of 8?
False
Suppose 0 = -4*g - 5*m + 169, -4*m - 14 = -g + 44. Let t = g - 33. Suppose v + 3 = t. Does 5 divide v?
True
Suppose -4*f + 88 = -0*f. Does 8 divide f?
False
Suppose 3*f = -2*t + 27 - 9, f = -2*t + 10. Suppose -3*y - k = -212, t*y - 59 = -3*k + 163. Is y a multiple of 10?
False
Suppose -7 = f - 13. Is f even?
True
Let u be ((-24)/10)/(1/5). Let q be (u/15)/(4/(-10)). Suppose 4*n - 91 = -5*x, -q*n = -0*n + 5*x - 33. Is 21 a factor of n?
False
Let l(u) = -5*u - 2. Let j be l(-3). Let y(m) = m**3 - 7*m**2 + 6*m + 2. Let s be y(6). Suppose s*q - j = 31. Is q a multiple of 14?
False
Let y be 6/4 - (-1)/2. Suppose a = y*a - 4. Suppose -3*t = -4*c + 137, 3*c + a*t - 129 = t. Is 17 a factor of c?
False
Suppose -12 = -5*o + 5*p + 228, 232 = 5*o - 3*p. Is 4 a factor of o?
True
Suppose -4*b + l + 2*l = -59, 0 = b + 3*l - 26. Is 3 a factor of b?
False
Let d = 6 - 8. Is 12 a factor of 4/(-2) - (-16 - d)?
True
Let x(u) = u**2 - 12*u + 15. Let l be x(11). Suppose -2*n + l = 0, -n + 50 = 4*o - 0*n. Is 12 a factor of o?
True
Does 13 divide (-3)/2*(-130)/15?
True
Suppose -5*v = -3*k - 39, 0*k + 27 = 2*v - 5*k. Does 9 divide v*((-27)/(-6) + 0)?
True
Let r(o) be the third derivative of o**5/60 + 5*o**4/12 + 3*o**3/2 - 4*o**2. Is 6 a factor of r(-10)?
False
Is 6 + -2 + 16 + -2 a multiple of 13?
False
Let o be (-3)/(-5)*(1 - -4). Suppose 5*h + v = o*v + 589, 5*v = h - 104. Is 25 a factor of h?
False
Is (60/8)/((-1)/(-2)*1) a multiple of 15?
True
Suppose 7*c = 10*c - 168. Is 28 a factor of c?
True
Let h = 4 + -1. Suppose -h*l - 2*l = -170. Does 17 divide l?
True
Let c(j) = 7*j - 6. Let l be c(6). Is 3 a factor of 53/6 - (-6)/l?
True
Let z(y) = -y - 9. Let q be z(-14). Suppose -8 - 37 = -d - v, -q*d - 3*v = -231. Does 12 divide d?
True
Let r = 14 + -22. Let h = r - -22. Is h a multiple of 10?
False
Suppose 3*q - 5*q = -100. Is 5 a factor of q?
True
Let l be -3 + (3 + -4 - -3). Let g = l - -6. Is g a multiple of 5?
True
Let x(t) = -t**2 - 2*t + 3. Let m be x(-3). Suppose m = -4*w - 4*c + 52, -5 = -2*w + c + 12. Is 3 a factor of w?
False
Let k be (-515)/(-15) + 3/(-9). Suppose 2*b = 20 + k. Is 9 a factor of b?
True
Suppose 0 = -5*l + 2*l + 57. Does 14 divide l?
False
Let l(h) = -4*h**3 + 2*h**2 + 0*h - h + 5*h**3. Let c be l(-2). Suppose -c*m = -m - 37. Is 17 a factor of m?
False
Suppose 2*d + 49 = 5*v, 2*v + 10 = -5*d + 47. Is v a multiple of 10?
False
Let l(a) = a**2 - 15*a + 14. Let f be l(14). Suppose f = -2*x + 7*x - 45. Is 3 a factor of x?
True
Suppose -11*k + 3*k + 104 = 0. Is 4 a factor of k?
False
Let q be (-6)/4*(-60)/9. Does 4 divide (4 - 6)/((-4)/q)?
False
Is ((-10)/(-4))/((-7)/(-70)) a multiple of 4?
False
Let b(n) = 2*n**3 - 6*n**2 - n - 12. Is b(6) a multiple of 9?
True
Suppose 5*w - 200 = 80. Is 14 a factor of 16/w + (-292)/(-7)?
True
Suppose -t + 43 = f, 43 = f - 2*t + 4*t. Does 40 divide f?
False
Let r(a) = -a**3 + 6*a**2 - 6*a + 7. Let o be r(5). Is 27/(-12)*o*-10 a multiple of 15?
True
Let d = -26 + 93. Does 25 divide d?
False
Let m(x) be the second derivative of -x**3/3 + x**2/2 + x. Is 17 a factor of m(-8)?
True
Let w(x) = -267*x - 4. Does 28 divide w(-1)?
False
Suppose -24 = 3*q - 30. Suppose 5*b - 7 = 3*j, -q*j + b = -4*j + 17. Is 2 a factor of j?
True
Let q = -10 + 8. Let l be ((-9)/q)/(-3)*-2. Let f(s) = s**3 - s**2 + s + 1. Is f(l) a multiple of 13?
False
Suppose -v + 172 - 60 = 0. Suppose j = -3*j + v. Does 10 divide j?
False
Let c(g) = g**3 - 5*g**2 - 5*g - 6. Let z be c(6). Suppose z = -f - 4 - 10. Does 6 divide 4/(-14) + (-172)/f?
True
Suppose -16*a + 17*a = 146. Is 10 a factor of a?
False
Let g(c) = c**2 + 33*c + 109. Does 36 divide g(-32)?
False
Suppose 0 = -4*g + 8*g - 120. Is 7 a factor of g?
False
Let j(b) = -2*b + 6. Let i be j(4). Does 11 divide (60/(-8))/(i/8)?
False
Let b(o) be the third derivative of o**6/120 + o**5/40 - o**4/8 + o**3/3 + o**2. Let h(d) be the first derivative of b(d). Is h(2) a multiple of 8?
False
Does 4 divide (-238)/(-10) + (-7)/(-35)?
True
Let n(q) = q + 4. Let r be n(0). Let y(t) = -2*t + 4. Let k be y(4). Let j = r - k. Does 4 divide j?
True
Suppose -5*n = -8*n - 9. Does 29 divide 32 - 2 - (n + 4)?
True
Let f(m) = 25*m + 14. Does 6 divide f(2)?
False
Suppose -2*o + y + 1 = -3, o - 3*y = 2. Suppose -o*n = -n - 19. Is 4 a factor of n?
False
Does 8 divide (-117)/(12/(-4)) - 2?
False
Suppose -3*j - 444 = -5*c, -2*c - 3*j = -0*c - 186. Does 5 divide c?
True
Let z = -8 + 10. Suppose z*n - 33 = -n. Does 8 divide n?
False
Is 22 a factor of -1 + 2 - (-4 - -5) - -22?
True
Suppose 4*q + 1 = 29. Let o = -50 - -70. Let p = o - q. Does 13 divide p?
True
Let a = 191 - 77. Suppose -11*u = -7*u + 8. Is 10 a factor of (a/(-12))/(u/8)?
False
Suppose -5*h + 2*x + 0*x + 526 = 0, -2*h - 4*x = -220. Is 10 a factor of h?
False
Suppose -4*x - 28 = -2*w, -w - 8*x + 42 = -3*x. Suppose l = -l + w. Does 3 divide l?
False
Suppose -3*s - 15 = 0, -3*w - 2*s - 2*s + 112 = 0. Is 6 a factor of w?
False
Let s(x) = -8*x - 1. Let h(m) = -16*m - 1. Let g(z) = -3*h(z) + 5*s(z). Is g(4) a multiple of 10?
True
Let f(v) = -v**3 - 7*v**2 - 8*v - 5. Let q be f(-6). Let r = 7 - q. Suppose -3*w = o - 35, 50 = 2*o - 4*w - r. Is 12 a factor of o?
False
Let p = 6 + -4. Let b(m) = m**2 - 7*m + 1. Let o be b(9). Suppose o = a + p. Is 6 a factor of a?
False
Let x(k) = 2*k**3 - 7*k**2 + 4*k + 5. Let z be (-2)/((-3)/(-2) + -2). Let d be x(z). Let c = d - 9. Does 11 divide c?
False
Suppose 5*x - 653 = 3*h, 2*x + 2*h - 673 = -3*x. Is 19 a factor of x?
True
Suppose 9*o = -0*o + 81. Is 6 a factor of o?
False
Let z(p) = p**3 + 10*p**2 + 7*p - 8. Suppose 2*v - 8 = -3*y - y, -5*y = v - 16. Let b be 6/y*2*-3. Does 7 divide z(b)?
False
Let k be 2/(3 - (-22)/(-8)). Let c(f) = f**2 - 7*f + 5. Is 13 a factor of c(k)?
True
Let t(p) = 33*p**2 + 2*p + 1. Let r be t(-1). Suppose l = -3*v + r, 2*l - 82 = -2*v + 5*v. Is 17 a factor of l?
False
Is (-1054)/(-7) + (31/7 - 5) a multiple of 25?
True
Let c(k) = -2*k**3 + 21*k**2 + 7*k + 5. Is 35 a factor of c(10)?
True
Let r(z) = 21*z**2 - 2*z - 3. Let w be r(-2). Let v = w + -58. Is 15 a factor of v?
False
Suppose 2*d - 7*d + 310 = 0. Is 13 a factor of d?
False
Suppose h - 10 - 1 = 0. Suppose -h = -4*a - 5*o, -4*o = 4*a - 3*o - 31. Is 7 a factor of a?
False
Let p(l) = l - 3. Let a be p(0). Let r = a - -13. Is 6 a factor of r?
False
Suppose -b + 0 = -4. Suppose -182 = -3*j - b*i - 30, j = 5*i + 76. Does 23 divide j?
False
Let c(m) = m + 1. Let u be c(-6). Let r = 0 - u. Suppose -k - y = -8 + 3, -15 = -4*k - r*y. Is 5 a factor of k?
True
Let i(s) = s - 2. Let p be i(4). Suppose -2*r + 1 = p*n - 37, -3*r = 6. Does 11 divide n?
False
Let l(s) be the second derivative of -4*s**3 - s**2/2 + 6*s. Is l(-1) a multiple of 7?
False
Suppose -2*g = g - 192. Is g a multiple of 16?
True
Suppose -2*c + 4*o = 2*c - 184, -o - 4 = 0. Does 28 divide c?
False
Let u be (1 + 1)/((-2)/(-86)). Let x = u - -12. Suppose 8 = -3*r + x. Is r a multiple of 14?
False
Let x(w) = 2*w**2 - 2*w - 1. Suppose 6*l - 12 = 3*l. Suppose l*n + 12 = -0, -r = -n. Does 9 divide x(r)?
False
Is 12/42 - (-498)/21 a multiple of 24?
True
Let r(d) be the second derivative of d**5 + d**4/3 + d**3/3 - 2*d. Let z be r(-2). Does 6 divide z/(-20) - (-2)/(-5)?
False
Suppose 19 = -a - 7. Let u = 43 + a. Is 5 a fac